{"id":90,"date":"2022-11-23T18:41:53","date_gmt":"2022-11-23T18:41:53","guid":{"rendered":"https:\/\/gamagp.com.br\/wordpress\/?page_id=90"},"modified":"2022-12-22T07:14:32","modified_gmt":"2022-12-22T07:14:32","slug":"sobre","status":"publish","type":"page","link":"https:\/\/gamagp.com.br\/wordpress\/index.php\/sobre\/","title":{"rendered":"Sobre"},"content":{"rendered":"<p>[et_pb_section fb_built=&#8221;1&#8243; _builder_version=&#8221;4.18.1&#8243; _module_preset=&#8221;default&#8221; global_colors_info=&#8221;{}&#8221;][et_pb_row use_custom_gutter=&#8221;on&#8221; make_equal=&#8221;on&#8221; _builder_version=&#8221;4.18.1&#8243; _module_preset=&#8221;default&#8221; background_image=&#8221;https:\/\/gamagp.com.br\/wordpress\/wp-content\/uploads\/2022\/11\/Topo-1.jpg&#8221; width=&#8221;100%&#8221; max_width=&#8221;1989px&#8221; custom_margin=&#8221;-83px|auto||auto||&#8221; global_colors_info=&#8221;{}&#8221;][et_pb_column type=&#8221;4_4&#8243; _builder_version=&#8221;4.18.1&#8243; _module_preset=&#8221;default&#8221; global_colors_info=&#8221;{}&#8221;][et_pb_text _builder_version=&#8221;4.18.1&#8243; _module_preset=&#8221;default&#8221; header_font=&#8221;Montserrat|700|||||||&#8221; header_text_align=&#8221;center&#8221; header_text_color=&#8221;#FFFFFF&#8221; header_font_size=&#8221;80px&#8221; header_line_height=&#8221;0.6em&#8221; custom_margin=&#8221;10px|||149px|false|false&#8221; custom_padding=&#8221;217px|||111px|false|false&#8221; global_colors_info=&#8221;{}&#8221;]<\/p>\n<h1 style=\"text-align: left;\">Sobre a<\/h1>\n<h1 style=\"text-align: left;\">empresa<\/h1>\n<p>[\/et_pb_text][et_pb_divider show_divider=&#8221;off&#8221; _builder_version=&#8221;4.18.1&#8243; _module_preset=&#8221;default&#8221; custom_margin=&#8221;0px||-49px||false|false&#8221; custom_padding=&#8221;277px||121px|0px|false|false&#8221; global_colors_info=&#8221;{}&#8221;][\/et_pb_divider][\/et_pb_column][\/et_pb_row][et_pb_row column_structure=&#8221;1_2,1_2&#8243; _builder_version=&#8221;4.18.1&#8243; _module_preset=&#8221;default&#8221; custom_margin=&#8221;|335px||auto||&#8221; global_colors_info=&#8221;{}&#8221;][et_pb_column type=&#8221;1_2&#8243; _builder_version=&#8221;4.18.1&#8243; _module_preset=&#8221;default&#8221; global_colors_info=&#8221;{}&#8221;][et_pb_text _builder_version=&#8221;4.18.1&#8243; _module_preset=&#8221;default&#8221; header_font=&#8221;Montserrat|600|||||||&#8221; global_colors_info=&#8221;{}&#8221;]<\/p>\n<h1>Miss\u00e3o<\/h1>\n<p>[\/et_pb_text][et_pb_divider divider_weight=&#8221;3px&#8221; _builder_version=&#8221;4.18.1&#8243; _module_preset=&#8221;default&#8221; custom_margin=&#8221;-21px||-5px||false|false&#8221; global_colors_info=&#8221;{}&#8221;][\/et_pb_divider][et_pb_text _builder_version=&#8221;4.18.1&#8243; _module_preset=&#8221;default&#8221; hover_enabled=&#8221;0&#8243; global_colors_info=&#8221;{}&#8221; sticky_enabled=&#8221;0&#8243; text_font=&#8221;Montserrat|500|||||||&#8221; text_font_size=&#8221;15px&#8221; text_line_height=&#8221;1.6em&#8221;]<\/p>\n<p style=\"padding-left: 40px; text-align: justify;\"><span style=\"font-weight: 400;\">Presta\u00e7\u00e3o de servi\u00e7os com profissionais especializados e atendimento diferenciado, focados na excel\u00eancia e implementa\u00e7\u00e3o de tecnologias, garantindo inova\u00e7\u00e3o e transpar\u00eancia em prazos reduzidos e pre\u00e7os competitivos aliado \u00e0 qualidade.<\/span><\/p>\n<p>[\/et_pb_text][et_pb_text _builder_version=&#8221;4.18.1&#8243; _module_preset=&#8221;default&#8221; header_font=&#8221;Montserrat|600|||||||&#8221; global_colors_info=&#8221;{}&#8221;]<\/p>\n<h1>Vis\u00e3o<\/h1>\n<p>[\/et_pb_text][et_pb_divider divider_weight=&#8221;3px&#8221; _builder_version=&#8221;4.18.1&#8243; _module_preset=&#8221;default&#8221; custom_margin=&#8221;-21px||-5px||false|false&#8221; global_colors_info=&#8221;{}&#8221;][\/et_pb_divider][et_pb_text _builder_version=&#8221;4.18.1&#8243; _module_preset=&#8221;default&#8221; custom_padding=&#8221;||25px|||&#8221; hover_enabled=&#8221;0&#8243; global_colors_info=&#8221;{}&#8221; sticky_enabled=&#8221;0&#8243; text_font=&#8221;Montserrat|500|||||||&#8221; text_font_size=&#8221;15px&#8221; text_orientation=&#8221;justified&#8221; text_line_height=&#8221;1.6em&#8221;]<\/p>\n<p style=\"padding-left: 40px; text-align: justify;\"><span style=\"font-weight: 400;\">Presta\u00e7\u00e3o de servi\u00e7os com profissionais especializados e atendimento diferenciado, focados na excel\u00eancia e implementa\u00e7\u00e3o de tecnologias, garantindo inova\u00e7\u00e3o e transpar\u00eancia em prazos reduzidos e pre\u00e7os competitivos aliado \u00e0 qualidade.<\/span><\/p>\n<p>[\/et_pb_text][et_pb_text _builder_version=&#8221;4.18.1&#8243; _module_preset=&#8221;default&#8221; header_font=&#8221;Montserrat|600|||||||&#8221; global_colors_info=&#8221;{}&#8221;]<\/p>\n<h1>Valores<\/h1>\n<p>[\/et_pb_text][et_pb_divider divider_weight=&#8221;3px&#8221; _builder_version=&#8221;4.18.1&#8243; _module_preset=&#8221;default&#8221; custom_margin=&#8221;-21px||-5px||false|false&#8221; global_colors_info=&#8221;{}&#8221;][\/et_pb_divider][et_pb_text _builder_version=&#8221;4.18.1&#8243; _module_preset=&#8221;default&#8221; custom_padding=&#8221;||25px|||&#8221; hover_enabled=&#8221;0&#8243; global_colors_info=&#8221;{}&#8221; sticky_enabled=&#8221;0&#8243; text_font=&#8221;Montserrat|500|||||||&#8221; ul_font=&#8221;Montserrat|500|||||||&#8221; ul_line_height=&#8221;1.9em&#8221;]<\/p>\n<ul>\n<li style=\"list-style-type: none;\">\n<ul>\n<li style=\"list-style-type: none;\">\n<ul>\n<li style=\"font-weight: 400;\" aria-level=\"1\"><span style=\"font-weight: 400;\">Comprometimento e pontualidade;<\/span><\/li>\n<li style=\"font-weight: 400;\" aria-level=\"1\"><span style=\"font-weight: 400;\">Gerenciamento em equipe;<\/span><\/li>\n<li style=\"font-weight: 400;\" aria-level=\"1\"><span style=\"font-weight: 400;\">Valoriza\u00e7\u00e3o das pessoas;<\/span><\/li>\n<li style=\"font-weight: 400;\" aria-level=\"1\"><span style=\"font-weight: 400;\">Evolu\u00e7\u00e3o m\u00fatua;<\/span><\/li>\n<li style=\"font-weight: 400;\" aria-level=\"1\"><span style=\"font-weight: 400;\">Integridade e \u00e9tica;<\/span><\/li>\n<li style=\"font-weight: 400;\" aria-level=\"1\"><span style=\"font-weight: 400;\">Satisfa\u00e7\u00e3o do cliente;<\/span><\/li>\n<li style=\"font-weight: 400;\" aria-level=\"1\"><span style=\"font-weight: 400;\">Proatividade dos colaboradores;<\/span><\/li>\n<li style=\"font-weight: 400;\" aria-level=\"1\"><span style=\"font-weight: 400;\">Servi\u00e7os de qualidade<\/span><\/li>\n<\/ul>\n<\/li>\n<\/ul>\n<\/li>\n<\/ul>\n<p>[\/et_pb_text][\/et_pb_column][et_pb_column type=&#8221;1_2&#8243; _builder_version=&#8221;4.18.1&#8243; _module_preset=&#8221;default&#8221; global_colors_info=&#8221;{}&#8221;][et_pb_text _builder_version=&#8221;4.18.1&#8243; _module_preset=&#8221;default&#8221; header_font=&#8221;|700|||||||&#8221; header_text_color=&#8221;#FFFFFF&#8221; header_font_size=&#8221;32px&#8221; background_color=&#8221;RGBA(255,255,255,0)&#8221; custom_margin=&#8221;-154px||-25px|0px|false|false&#8221; custom_padding=&#8221;3px||0px|43px|false|false&#8221; border_radii=&#8221;on|370px|370px|370px|370px&#8221; global_colors_info=&#8221;{}&#8221;]<\/p>\n<h1>Empresa<\/h1>\n<p>[\/et_pb_text][et_pb_text _builder_version=&#8221;4.18.1&#8243; _module_preset=&#8221;default&#8221; text_font=&#8221;Montserrat|500|||||||&#8221; text_line_height=&#8221;1.8em&#8221; background_color=&#8221;#FFFFFF&#8221; custom_margin=&#8221;19px||-62px|3px|false|false&#8221; custom_padding=&#8221;32px|31px|4px|32px|false|false&#8221; hover_enabled=&#8221;0&#8243; border_radii=&#8221;on|14px|14px|14px|14px&#8221; global_colors_info=&#8221;{}&#8221; sticky_enabled=&#8221;0&#8243; text_text_color=&#8221;#545454&#8243;]<\/p>\n<p style=\"text-align: justify;\"><span style=\"font-weight: 400;\">A <strong>Gama GP Instala\u00e7\u00f5es El\u00e9tricas LTDA<\/strong> \u00e9 uma empresa brasileira de Engenharia El\u00e9trica registrada no CREA\/MS, tendo em seu quadro de funcion\u00e1rios engenheiros eletricistas, eletrot\u00e9cnicos e eletricistas industriais. Com o objetivo de prestar servi\u00e7os de qualidade e garantir a satisfa\u00e7\u00e3o de seus clientes, fundou-se em julho de 2012 e incubou-se na Pantanal Incubadora Mista de Empresas-PIME, localizada na Universidade Federal do Mato Grosso do Sul-UFMS. Tem o compromisso de suprir a necessidade de seus clientes, atrav\u00e9s de seus servi\u00e7os de montagens de quadros e pain\u00e9is de comando, projetos, instala\u00e7\u00f5es e manuten\u00e7\u00f5es el\u00e9tricas industriais, comerciais e residenciais, automa\u00e7\u00e3o industrial, elabora\u00e7\u00e3o e execu\u00e7\u00e3o de projetos de prote\u00e7\u00e3o e combate \u00e0 inc\u00eandio, al\u00e9m de vistorias e acompanhamento t\u00e9cnico nas obras, contratos de manuten\u00e7\u00e3o residenciais e industriais e laudos t\u00e9cnicos, seguindo as normas t\u00e9cnicas brasileiras.<\/span><\/p>\n<p style=\"text-align: justify;\"><span style=\"font-weight: 400;\">Atua ainda no desenvolvimento de sistemas de gerenciamento autom\u00e1tico local e remoto por meio de sistemas supervis\u00f3rio com comunica\u00e7\u00e3o via r\u00e1dio frequ\u00eancia, no desenvolvimento de sistemas de Scada (Supervisory Control And Data Acquisition \u2013 Sistemas de controle Supervis\u00f3rios e Aquisi\u00e7\u00e3o de Dados) para sistema automa\u00e7\u00e3o local ou remota e controles industriais personalizados com IHM. Conta com profissionais capacitados e experientes, prazos reduzidos na presta\u00e7\u00e3o de seus servi\u00e7os e garante pre\u00e7o acess\u00edvel e compat\u00edvel com sua excel\u00eancia.<\/span><\/p>\n<p>[\/et_pb_text][\/et_pb_column][\/et_pb_row][\/et_pb_section]<\/p>\n","protected":false},"excerpt":{"rendered":"<p>Sobre a empresaMiss\u00e3oPresta\u00e7\u00e3o de servi\u00e7os com profissionais especializados e atendimento diferenciado, focados na excel\u00eancia e implementa\u00e7\u00e3o de tecnologias, garantindo inova\u00e7\u00e3o e transpar\u00eancia em prazos reduzidos e pre\u00e7os competitivos aliado \u00e0 qualidade.Vis\u00e3oPresta\u00e7\u00e3o de servi\u00e7os com profissionais especializados e atendimento diferenciado, focados na excel\u00eancia e implementa\u00e7\u00e3o de tecnologias, garantindo inova\u00e7\u00e3o e transpar\u00eancia em prazos reduzidos e pre\u00e7os [&hellip;]<\/p>\n","protected":false},"author":1,"featured_media":0,"parent":0,"menu_order":0,"comment_status":"closed","ping_status":"closed","template":"","meta":{"_et_pb_use_builder":"on","_et_pb_old_content":"","_et_gb_content_width":"","footnotes":""},"class_list":["post-90","page","type-page","status-publish","hentry"],"_links":{"self":[{"href":"https:\/\/gamagp.com.br\/wordpress\/index.php\/wp-json\/wp\/v2\/pages\/90","targetHints":{"allow":["GET"]}}],"collection":[{"href":"https:\/\/gamagp.com.br\/wordpress\/index.php\/wp-json\/wp\/v2\/pages"}],"about":[{"href":"https:\/\/gamagp.com.br\/wordpress\/index.php\/wp-json\/wp\/v2\/types\/page"}],"author":[{"embeddable":true,"href":"https:\/\/gamagp.com.br\/wordpress\/index.php\/wp-json\/wp\/v2\/users\/1"}],"replies":[{"embeddable":true,"href":"https:\/\/gamagp.com.br\/wordpress\/index.php\/wp-json\/wp\/v2\/comments?post=90"}],"version-history":[{"count":7,"href":"https:\/\/gamagp.com.br\/wordpress\/index.php\/wp-json\/wp\/v2\/pages\/90\/revisions"}],"predecessor-version":[{"id":146,"href":"https:\/\/gamagp.com.br\/wordpress\/index.php\/wp-json\/wp\/v2\/pages\/90\/revisions\/146"}],"wp:attachment":[{"href":"https:\/\/gamagp.com.br\/wordpress\/index.php\/wp-json\/wp\/v2\/media?parent=90"}],"curies":[{"name":"wp","href":"https:\/\/api.w.org\/{rel}","templated":true}]}}